 14, what is -173c + 3c31?
24d3
In base 12, what is -a2 + a9778?
a9696
In base 3, what is -201202221 - -10210111?
-120222110
In base 11, what is -2 + 810a10?
810a09
In base 12, what is -7 - -686356?
68634b
In base 12, what is -1323044 + -10?
-1323054
In base 3, what is -1111200 - -20110101020?
20101212120
In base 3, what is -112 + -1210221000100?
-1210221000212
In base 7, what is 1653441 + -1050?
1652361
In base 9, what is 10 - -18275152?
18275162
In base 11, what is -559a31 - 306?
-55a237
In base 8, what is 3272 + 114101?
117373
In base 13, what is -1a + 445701?
4456b4
In base 15, what is 12 - 5ac0437?
-5ac0425
In base 15, what is -1a14130b - -5?
-1a141306
In base 15, what is eb5680 + 0?
eb5680
In base 14, what is -2d6b23 - 49?
-2d6b6c
In base 6, what is -540 + 11255002?
11254022
In base 7, what is -35212020 + 10?
-35212010
In base 7, what is -10 - -1061055146?
1061055136
In base 14, what is c238 + 6c?
c2a6
In base 2, what is 101 + 1100101100100001101011?
1100101100100001110000
In base 15, what is -c - d21a1?
-d21ad
In base 10, what is -40828698 + -25?
-40828723
In base 3, what is -1211001012 - -11211?
-1210212101
In base 2, what is -100110110 + -11001001110001?
-11001110100111
In base 15, what is 846 - 43133?
-427dc
In base 4, what is 122303202033223 + -1?
122303202033222
In base 3, what is -120102111101 + 21?
-120102111010
In base 4, what is -322003033301203 - -3?
-322003033301200
In base 2, what is -110011000010111101 - 101011?
-110011000011101000
In base 8, what is 1 + 46544436?
46544437
In base 9, what is 753 + -10473?
-8620
In base 16, what is ab34 + 13f?
ac73
In base 7, what is -51 - -212611242?
212611161
In base 9, what is -71 + -336288?
-336370
In base 15, what is -2b6 + -1d19?
-20d0
In base 4, what is -13331 - -23321001?
23301010
In base 7, what is 115263431 + -3?
115263425
In base 10, what is -40 + -1637509?
-1637549
In base 10, what is -5 - 66383765?
-66383770
In base 6, what is -101022122 + 4?
-101022114
In base 9, what is -10 + -75111673?
-75111683
In base 9, what is -11562775 - 14?
-11562800
In base 3, what is 122010221100010 + 112?
122010221100122
In base 14, what is 5 + -4c07d8?
-4c07d3
In base 8, what is -4 - -66350012?
66350006
In base 2, what is -1000101001010001110010010 + 1?
-1000101001010001110010001
In base 10, what is -25 - -531803?
531778
In base 13, what is 134 - 37a3b?
-37907
In base 2, what is 1110010100011011 + -100011100100?
1101110000110111
In base 9, what is 1015 + -324627?
-323612
In base 9, what is 811472 + 5?
811477
In base 6, what is -2 + 1010542?
1010540
In base 5, what is -202311 - -1303?
-201003
In base 4, what is 1000 - 1113102121?
-1113101121
In base 4, what is 31 + -20001013000?
-20001012303
In base 16, what is 254196 + -b9?
2540dd
In base 6, what is 331032310 + -5?
331032301
In base 10, what is 2 + -41975348?
-41975346
In base 4, what is 11101203321 - 12311?
11101131010
In base 15, what is 9 + 35935?
3593e
In base 2, what is -11001010100110001000101100 - -10?
-11001010100110001000101010
In base 10, what is -4 - -10033452?
10033448
In base 10, what is -51 - -178704?
178653
In base 15, what is -ad - 8db17?
-8dbc5
In base 14, what is 3039 - -cb?
3126
In base 13, what is -76524 - 42?
-76566
In base 14, what is 53c - -10158?
10696
In base 8, what is -102 - -15066331?
15066227
In base 15, what is -208bd + 2a?
-20893
In base 11, what is -4242 + 30568?
27326
In base 3, what is -202222000111 + -2?
-202222000120
In base 15, what is d1 + 174ae?
17590
In base 8, what is -3531425 - 7?
-3531434
In base 6, what is 2 - -353143055?
353143101
In base 3, what is -211210 + -112021?
-1101001
In base 6, what is 545550 - -2415?
552405
In base 5, what is -4140001231310 - 1?
-4140001231311
In base 14, what is 1 - 10811308?
-10811307
In base 9, what is -258757 - 120?
-258877
In base 4, what is -132232 + -112223031?
-113021323
In base 3, what is -1111101222 + -200222?
-1112002221
In base 2, what is 11100011011 - 1001010110000111001?
-1001010010100011110
In base 4, what is 10011 + 131023201?
131033212
In base 9, what is 13541 - 41477?
-26836
In base 13, what is -586a - b3a?
-66a7
In base 11, what is 7491242 - 5?
7491238
In base 10, what is 67472 - 2?
67470
In base 5, what is -321041312 + 1343?
-321034414
In base 3, what is 1010201101121 + -1112?
1010201100002
In base 5, what is -2302323024 - -1110?
-2302321414
In base 5, what is 2334 - -24332?
32221
In base 4, what is -2033202320012 - -11?
-2033202320001
In base 12, what is -1 - -6047395?
6047394
In base 5, what is 120 + 20300222?
20300342
In base 16, what is 63e2 - 3e5?
5ffd
In base 14, what is 5 + 235613?
235618
In base 8, what is -416007 + 43?
-415744
In base 7, what is -33422153 - 0?
-33422153
In base 3, what is 1 + -221211102210211?
-221211102210210
In base 15, what is 5 - -406a56?
406a5b
In base 16, what is -2b + 359ca8?
359c7d
In base 4, what is 3132 - 130012010?
-130002212
In base 15, what is -1c1408 + -b4?
-1c14bc
In base 4, what is -100000111 + 303?
-33333202
In base 3, what is 112 - 22102111020?
-22102110201
In base 9, what is -1088035 - -3355?
-1084570
In base 13, what is 3 + 146ba91?
146ba94
In base 12, what is b3a730b - 6?
b3a7305
In base 4, what is 213220202320 + -11?
213220202303
In base 3, what is -101120001121202 + 1?
-101120001121201
In base 7, what is -2011 - -3446?
1435
In base 12, what is 2000676 - -7b?
2000735
In base 5, what is -4304 - 131222?
-141031
In base 7, what is -2 + -162366411?
-162366413
In base 4, what is 22010202322 - -132?
22010203120
In base 3, what is 1111111 + -102121111?
-101010000
In base 3, what is 20011100 - -220101120?
1010112220
In base 16, what is -db91bd8 - 2?
-db91bda
In base 4, what is 12 + 11223301113?
11223301131
In base 13, what is -4c317 - 4a?
-4c364
In base 11, what is 0 - 5873937?
-5873937
In base 14, what is -5d - -42636?
425b7
In base 14, what is 184 + -4d8d5?
-4d751
In base 6, what is -1401 + 14533500?
14532055
In base 9, what is 13483752 - -32?
13483784
In base 15, what is 28db5 - 368?
28a4c
In base 13, what is -491ca + 1a?
-491b0
In base 9, what is -31 + 1567821?
1567780
In base 6, what is 32 + -242531544?
-242531512
In base 8, what is -4443605 - -21?
-4443564
In base 9, what is -1888 - -2283?
284
In base 7, what is -112036434 - 5?
-112036442
In base 4, what is 232023120 - 20103?
232003011
In base 16, what is -4b - -324d7?
3248c
In base 14, what is 39 - 1386d?
-13834
In base 4, what is -1211210 + 1003230?
-201320
In base 9, what is -6717607 + 11?
-6717586
In base 7, what is 1 - 240126250?
-240126246
In base 5, what is 242142 + -2230?
234412
In base 7, what is -3241005213 - 0?
-3241005213
In base 16, what is -140f4 + -10b?
-141ff
In base 16, what is 2c2 + -b952?
-b690
In base 8, what is -26105261 - 3?
-26105264
In base 11, what is -263661 + 13?
-263649
In base 11, what is a238184 - 7?
a238178
In base 8, what is 17147703 + 1?
17147704
In base 13, what is 1 + -12709a1?
-12709a0
In base 9, what is 255 - 1532852?
-1532586
In base 16, what is 27 - 22bd8ac?
-22bd885
In base 3, what is 1002200 + 1112021001?
1120100201
In base 15, what is -2e - 6266b?
-6269a
In base 16, what is -b5ba1 - -2?
-b5b9f
In base 8, what is 4 - 13266527?
-13266523
In base 13, what is -c0a199 - -2?
-c0a197
In base 13, what is -16362 + 1a9?
-16186
In base 5, what is -402200422 - 34?
-402201011
In base 11, what is -6940 + -2708a?
-32a1a
In base 10, what is 5417 + 61349?
66766
In base 11, what is -15a2791 + 1?
-15a2790
In base 4, what is 221303 + 110321112?
111203021
In base 5, what is 3343114422 - 22?
3343114400
In base 11, what is -8864537 + -1?
-8864538
In base 7, what is 142 + -4014?
-3542
In base 9, what is -2 - 5866008?
-5866011
In base 2, what is 101010111110110000100111110 - 11?
101010111110110000100111011
In base 3, what is -20111 - 1010221?
-1101102
In base 3, what is 12011020 - -2212012?
22000102
In base 9, what is 1755368 + 118?
1755487
In base 9, what is 135 - 5031502?
-5031356
In base 12, what is -58bb8 - -39a?
-5881a
In base 11, what is 2 + -20938a06?
-20938a04
In base 12, what is -79 + 16a724?
16a667
In base 12, what is -9a - -17109?
1702b
In base 15, what is 2c8780 + -b4?
2c86bb
In base 6, what is 315 + 11532010?
11532325
In base 9, what is -177 + 31114?
30826
In base 16, what is dc6e9 - 5?
dc6e4
In base 5, what is -1243 + 212021?
2